 What is the greatest common divisor of x and z?
23
Suppose 2*r = 3*r + 10. Let t = r + 12. Suppose -t*s = -142 + 22. Calculate the greatest common divisor of s and 20.
20
Let l(v) = 35*v + 325. Let y be l(-7). Let h(k) = 10*k. Let q be h(2). What is the greatest common divisor of q and y?
20
Suppose 4*h = -3*x - 0*x + 4, 3*h = -2*x + 4. Let d be (h/(-8))/((-2)/(-4)). Let f be (1 - 4/1)*d. What is the highest common divisor of f and 24?
3
Let t be 578 + -3 + -1 + 2/2. What is the highest common divisor of 92 and t?
23
Suppose -3*d + 31 = -4*p, 5*p - 6 + 26 = 0. Suppose 3*h + d*g - 12 = 0, 3*g - 30 = -2*h + 7*g. What is the greatest common divisor of 18 and h?
9
Let a(j) = -5*j**2 - 35*j + 1. Let v be a(-7). Calculate the highest common factor of 3 and v.
1
Suppose 2*p = -2*s - 4, 5*p = -2*s + 2*p - 5. Let r be s/(3/21)*-1. What is the greatest common divisor of r and 63?
7
Let n(b) = b**2 - b. Let p be n(4). Let m = -6305 - -6325. Calculate the greatest common divisor of m and p.
4
Let n be (-1)/2*(-1526 - 0/(-1)). Suppose 0 = -3*a - 4*q + 467, -7*a + 2*a = -q - n. Calculate the highest common factor of 17 and a.
17
Let d be (-1)/((-1)/(-20)) - 1. Let y(t) = -t**2 - 24*t - 45. Let u be y(d). What is the greatest common factor of u and 36?
18
Let l(z) = -9*z**2 - 39*z + 6. Let q be l(-4). Suppose 25 + 2 = w. Calculate the greatest common factor of w and q.
9
Let b = 22 + -8. Let z(h) = 2*h - 19. Let m be z(b). Suppose 3*o = -m + 78. Calculate the highest common factor of o and 46.
23
Suppose -6*a + 5*a + 395 = -2*c, 4*a - 1574 = 2*c. Calculate the highest common factor of 917 and a.
131
Let t be 1*(18/10)/(30/4100). Calculate the highest common divisor of t and 6.
6
Let n be 2730/49 - (-4)/14. Suppose -2*z + 134 = 5*c, 7*z = 3*c + 3*z - 96. Suppose -6*g = -2*g - c. Calculate the highest common factor of g and n.
7
Let f = 202 + -192. What is the highest common factor of 130 and f?
10
Let c = 98 + -166. Let x be (c/(-20) + 5)/((-2)/(-10)). Calculate the greatest common factor of x and 63.
21
Let m(n) = 1 - 26*n - 12*n + 5*n - 54*n. Let q be m(-1). Suppose -h = -0*i - 4*i - 3, 2*h - 28 = -3*i. Calculate the highest common divisor of h and q.
11
Let p be 206/10 - 2/(-5). Let f be (-81)/(-6) + 1/2. Suppose -f*l + 117 = -79. What is the greatest common factor of p and l?
7
Suppose 0 = 14*w - 9*w - 1375. What is the highest common factor of w and 5?
5
Let b(q) = -4*q - 11. Let h be b(-5). Calculate the highest common divisor of h and 9.
9
Suppose 0 = -49*x + 42*x - 231. Let y = x - -117. Calculate the greatest common factor of y and 36.
12
Let m(v) = v**3 - 7*v**2 - 5*v - 18. Let l be m(8). Let o be 4*(33/l + -5). Calculate the greatest common divisor of o and 14.
2
Let n = 130 + -114. Let v = -227 - -627. Suppose -v = j - 6*j + 2*x, -3*j - 3*x = -240. What is the greatest common divisor of j and n?
16
Let v be (50/(-175))/((-2)/14). Calculate the highest common factor of v and 46.
2
Let a(o) be the second derivative of -o**3/6 + 5*o**2 + 6*o. Let g be a(0). Suppose -q + 2*q = g. Calculate the greatest common divisor of q and 1.
1
Suppose 26*w + 155 = 2*n + 21*w, 3*n - 2*w = 227. Calculate the greatest common factor of n and 45.
15
Suppose -19*w + 20*w - f - 252 = 0, -243 = -w + 4*f. What is the greatest common factor of w and 15?
15
Let w(k) = -1. Let i(l) = 47*l - 10. Let q(g) = i(g) + 2*w(g). Let o be q(4). Calculate the highest common divisor of o and 44.
44
Let y be ((-198)/12)/11*1088/(-6). Suppose 4*j = 2*w + y, 3*w = 4*w - 4. Calculate the greatest common factor of 20 and j.
10
Let u = -3 + 5. Let w(m) be the first derivative of 2*m**3 - 3*m**2/2 + 1. Let i be w(u). What is the greatest common divisor of 162 and i?
18
Suppose 610 = 45*u - 50*u. Let g = 127 + u. Suppose 0 = z + 2*z - 165. Calculate the highest common factor of g and z.
5
Let m = 96 - 85. Suppose 2*i = 76 + 100. Calculate the greatest common divisor of i and m.
11
Let h be (-3)/((30 + -27)*(-2)/10). What is the greatest common factor of 185 and h?
5
Suppose 0 = 5*l - 0*l - 405. Suppose 68*t = 57*t + 616. Let p = l - t. Calculate the greatest common divisor of 75 and p.
25
Let q(t) = t**2 + 11*t + 106. Let k be q(22). Calculate the highest common divisor of k and 26.
26
Suppose 13 + 5 = -2*w. Let u be (-43)/w + (-2)/(-9). Suppose -2*n = 3*n - j - 96, -4*j = -u*n + 84. Calculate the highest common factor of 160 and n.
20
Let o(t) = 2*t + 13. Let m be o(-3). Let c(p) = p**3 - 6*p**2 - 6*p - 5. Let q be c(m). Calculate the highest common divisor of 1 and q.
1
Suppose 2*l - 2*q - 244 = 0, -6*l = -10*l - 3*q + 453. Calculate the greatest common divisor of l and 27.
9
Suppose j = -3*t - 4, 3*j - 2 = -2*t + 7*t. Let a = j - -3. Suppose z = -a*z + 21. What is the greatest common factor of z and 35?
7
Let p be ((-1221)/(-55))/(2/10*1). Suppose p + 24 = 5*s. Calculate the greatest common factor of 27 and s.
27
Let z(q) = -q + 1. Let n(h) = -4*h - 21. Let a(c) = -n(c) + 6*z(c). Let y be a(-14). Calculate the highest common divisor of 5 and y.
5
Suppose 145*q = 149*q - 1716. Calculate the highest common divisor of q and 33.
33
Let z = 20 + 101. Suppose 5*s - 2*b - 100 = 0, -2*s + 3*b + 7 = -s. Calculate the greatest common factor of z and s.
11
Suppose -8*t = 3 - 19. Let s = 60 + -40. Suppose t*n = -3*n + s. What is the highest common divisor of 6 and n?
2
Let p = -16 - -21. Let c(u) = 7*u - 28. Let r be c(p). What is the greatest common divisor of r and 1?
1
Suppose -94 = 6*t - 334. Let o(b) = -2*b + 0*b + b - 4*b. Let s be o(-2). Calculate the greatest common factor of t and s.
10
Suppose -2*p + p = -220. Let b be (-3*2/6)/(19/(-380)). What is the highest common factor of p and b?
20
Let h(n) = 21*n - 104. Let b be h(6). Calculate the highest common factor of 66 and b.
22
Let h = -222 - -397. What is the highest common factor of h and 7?
7
Suppose 21 = 3*u - 3. Let h be 1*3 + 3 + (-3 - 1). Suppose -p = 5*y - 33, 0 = y - h - 3. What is the highest common divisor of p and u?
8
Suppose 0*g - 12*g + 72 = 0. Let y = -44 - -64. Suppose -g*n - y = -11*n. Calculate the greatest common divisor of n and 4.
4
Let g = 48 - -16. Suppose 5*j = 5*i + 145, -3 = 5*i - 18. What is the greatest common factor of j and g?
32
Let p be (-3)/(27/(-21))*(-6)/(-2). Suppose 54 = p*u - 254. What is the greatest common divisor of 33 and u?
11
Let k(j) be the first derivative of j**4/4 - 2*j**3/3 - 9*j**2/2 - 12*j - 3. Let v be k(5). What is the greatest common divisor of 24 and v?
6
Let s be ((-1902)/(-24))/((-2)/8). Let z = s + 583. What is the highest common factor of 38 and z?
38
Let k(a) = 5*a**3 + 4*a**2 - 4*a + 2. Let p = -20 + 22. Let n be k(p). Calculate the highest common divisor of 75 and n.
25
Let t be (0 - (2 + 1)) + 3. Let g be -4 + 6 + -1 + 2. Suppose t = g*v + 8 - 32. What is the greatest common divisor of 1 and v?
1
Let m = -32 + 44. Let z be ((-6)/m)/((-1)/66). Calculate the highest common factor of 11 and z.
11
Suppose -3*h + 2*t + 325 = 0, 4*h - 500 = -h - 5*t. Suppose 4*a - 50 = -i + 9, 3*i + 48 = 3*a. Calculate the highest common divisor of a and h.
15
Let q = 83 + -55. Let h(x) = -3*x + 133. Let t be h(7). Calculate the greatest common factor of q and t.
28
Let w(s) = -s**3 - 6*s**2 - 6*s - 1. Suppose 4*j - 12 + 0 = 0. Let d be j*2*(4 - 5). Let l be w(d). Calculate the greatest common factor of l and 14.
7
Suppose -2*g - 2 = -4. Suppose -3 + g = -w. Suppose 0 = w*s - 3*v - 10, s + 5*v = -0 - 8. Calculate the highest common divisor of 16 and s.
2
Suppose -3*q + 14 = 5. What is the greatest common divisor of 8 and q?
1
Let m be 4/7 - 12/56*-2. Suppose 0 = -4*a + 3*g + 5, -g - m = a - 4*g. What is the highest common divisor of 4 and a?
2
Suppose -5*k = -642 - 283. Suppose 0 = 3*r + 65 - k. Let y(b) = -b + 2. Let a be y(-6). Calculate the highest common factor of a and r.
8
Let o(b) = 3*b**2 + 120*b + 129. Let m be o(-39). What is the greatest common divisor of m and 246?
6
Let z(y) = -2*y**3 - 4*y**2 - 4*y - 2. Let u be z(-4). Let w be (-5)/(3 + (-237)/u). What is the greatest common factor of w and 13?
13
Let x(k) = -3*k - 9. Let z be x(-5). Let g be z/(-21) - (-96)/42. Suppose m = g*m - q - 31, 0 = -5*q + 15. What is the highest common factor of m and 272?
34
Suppose -6*f + 43 - 25 = 0. What